ousands digit of 34181?
4
What is the hundred thousands digit of 252871?
2
What is the millions digit of 5325187?
5
What is the tens digit of 126456?
5
What is the units digit of 4820034?
4
What is the tens digit of 4105499?
9
What is the ten thousands digit of 476710?
7
What is the hundred thousands digit of 808885?
8
What is the tens digit of 1044646?
4
What is the units digit of 4459770?
0
What is the millions digit of 4600445?
4
What is the hundreds digit of 5917339?
3
What is the hundred thousands digit of 342165?
3
What is the hundreds digit of 2261725?
7
What is the hundreds digit of 578282?
2
What is the ten thousands digit of 19405?
1
What is the ten thousands digit of 3826956?
2
What is the ten thousands digit of 3950486?
5
What is the units digit of 37820?
0
What is the ten millions digit of 38724515?
3
What is the tens digit of 7575200?
0
What is the tens digit of 6844231?
3
What is the units digit of 1223801?
1
What is the hundreds digit of 207169?
1
What is the hundred thousands digit of 632397?
6
What is the hundreds digit of 15640508?
5
What is the millions digit of 7959395?
7
What is the units digit of 30704424?
4
What is the tens digit of 413182?
8
What is the thousands digit of 324371?
4
What is the hundred thousands digit of 990602?
9
What is the tens digit of 240390?
9
What is the thousands digit of 9523979?
3
What is the thousands digit of 27696888?
6
What is the tens digit of 5783333?
3
What is the tens digit of 1581824?
2
What is the tens digit of 1654549?
4
What is the units digit of 18275839?
9
What is the thousands digit of 642953?
2
What is the ten thousands digit of 462170?
6
What is the hundreds digit of 632768?
7
What is the hundreds digit of 8660382?
3
What is the hundreds digit of 183115?
1
What is the ten thousands digit of 233310?
3
What is the thousands digit of 877495?
7
What is the hundreds digit of 10121929?
9
What is the millions digit of 2049747?
2
What is the hundreds digit of 5738509?
5
What is the hundred thousands digit of 5523477?
5
What is the hundred thousands digit of 144656?
1
What is the units digit of 2878509?
9
What is the tens digit of 64189?
8
What is the units digit of 272405?
5
What is the units digit of 59199?
9
What is the ten thousands digit of 651952?
5
What is the millions digit of 1599884?
1
What is the millions digit of 20708885?
0
What is the ten thousands digit of 18863192?
6
What is the millions digit of 3274148?
3
What is the ten thousands digit of 578324?
7
What is the tens digit of 3332487?
8
What is the ten thousands digit of 15890364?
9
What is the millions digit of 2470812?
2
What is the ten millions digit of 32947981?
3
What is the thousands digit of 8806125?
6
What is the hundreds digit of 330928?
9
What is the units digit of 844214?
4
What is the units digit of 167435?
5
What is the thousands digit of 196859?
6
What is the hundreds digit of 610790?
7
What is the hundreds digit of 592746?
7
What is the units digit of 1634205?
5
What is the tens digit of 10444445?
4
What is the tens digit of 3018313?
1
What is the millions digit of 1466471?
1
What is the thousands digit of 651668?
1
What is the hundred thousands digit of 249948?
2
What is the hundred thousands digit of 639043?
6
What is the tens digit of 1404985?
8
What is the tens digit of 550774?
7
What is the thousands digit of 6335350?
5
What is the millions digit of 2284598?
2
What is the units digit of 4823?
3
What is the hundreds digit of 6657545?
5
What is the hundreds digit of 88820?
8
What is the tens digit of 770652?
5
What is the millions digit of 8203698?
8
What is the ten thousands digit of 11396024?
9
What is the hundred thousands digit of 3598018?
5
What is the thousands digit of 157150?
7
What is the hundreds digit of 137400?
4
What is the ten thousands digit of 12971208?
7
What is the tens digit of 297142?
4
What is the tens digit of 36907870?
7
What is the units digit of 555949?
9
What is the hundreds digit of 123518?
5
What is the ten thousands digit of 12009797?
0
What is the thousands digit of 5532827?
2
What is the tens digit of 16899415?
1
What is the ten millions digit of 10927796?
1
What is the ten thousands digit of 8533943?
3
What is the tens digit of 1812306?
0
What is the tens digit of 88516?
1
What is the ten thousands digit of 173979?
7
What is the tens digit of 1846987?
8
What is the tens digit of 6048898?
9
What is the ten thousands digit of 3056794?
5
What is the thousands digit of 154816?
4
What is the ten thousands digit of 602588?
0
What is the units digit of 154442?
2
What is the units digit of 270326?
6
What is the ten thousands digit of 292866?
9
What is the ten thousands digit of 6010014?
1
What is the hundred thousands digit of 1408960?
4
What is the hundred thousands digit of 753301?
7
What is the thousands digit of 1374039?
4
What is the tens digit of 2190167?
6
What is the millions digit of 5342721?
5
What is the tens digit of 7272?
7
What is the hundreds digit of 184777?
7
What is the units digit of 524136?
6
What is the tens digit of 18165090?
9
What is the hundreds digit of 621535?
5
What is the tens digit of 1900450?
5
What is the ten thousands digit of 1851854?
5
What is the ten thousands digit of 5298852?
9
What is the millions digit of 7951504?
7
What is the hundred thousands digit of 199937?
1
What is the ten thousands digit of 13162724?
6
What is the ten thousands digit of 1118882?
1
What is the ten thousands digit of 13567698?
6
What is the ten millions digit of 21022687?
2
What is the tens digit of 15059273?
7
What is the hundreds digit of 277537?
5
What is the ten thousands digit of 593562?
9
What is the units digit of 300326?
6
What is the hundred thousands digit of 176414?
1
What is the tens digit of 12410754?
5
What is the hundred thousands digit of 174649?
1
What is the hundred thousands digit of 231883?
2
What is the units digit of 2923815?
5
What is the tens digit of 2706485?
8
What is the tens digit of 1663743?
4
What is the hundred thousands digit of 414589?
4
What is the tens digit of 8332372?
7
What is the hundreds digit of 2857122?
1
What is the hundred thousands digit of 1635086?
6
What is the ten thousands digit of 956864?
5
What is the millions digit of 1720777?
1
What is the hundred thousands digit of 954930?
9
What is the hundreds digit of 7977377?
3
What is the ten thousands digit of 972593?
7
What is the units digit of 18287657?
7
What is the ten thousands digit of 9556969?
5
What is the hundred thousands digit of 370226?
3
What is the hundreds digit of 249986?
9
What is the hundred thousands digit of 1028477?
0
What is the hundreds digit of 81281?
2
What is the units digit of 917133?
3
What is the hundred thousands digit of 208094?
2
What is the hundreds digit of 378664?
6
What is the ten thousands digit of 495141?
9
What is the ten thousands digit of 442541?
4
What is the units digit of 57025?
5
What is the thousands digit of 1142707?
2
What is the ten millions digit of 14286313?
1
What is the hundred thousands digit of 616501?
6
What is the ten thousands digit of 384220?
8
What is the thousands digit of 40851?
0
What is the hundred thousands digit of 6018218?
0
What is the units digit of 7086545?
5
What is the ten thousands digit of 91577?
9
What is the thousands digit of 1893387?
3
What is the units digit of 2877894?
4
What is the hundreds digit of 9370736?
7
What is the thousands digit of 121789?
1
What is the hundred thousands digit of 617939?
6
What is the hundred thousands digit of 2241401?
2
What is the hundreds digit of 1316211?
2
What is the ten thousands digit of 6568231?
6
What is the units digit of 588992?
2
What is the thousands digit of 136793?
6
What is the hundreds digit of 4712870?
8
What is the thousands digit of 154566?
4
What is the thousands digit of 5286412?
6
What is the hundred thousands digit of 329251?
3
What is the units digit of 2968335?
5
What is the tens digit of 9611229?
2
What is the hundred thousands digit of 548348?
5
What is the hundreds digit of 17706331?
3
What is the ten thousands digit of 100336?
0
What is the thousands digit of 674996?
4
What is the units digit of 652261?
1
What is the thousands digit of 4201822?
1
What is the hundreds digit of 915253?
2
What is the thousands digit of 5787405?
7
What